{"id":10,"date":"2021-01-11T11:15:43","date_gmt":"2021-01-11T11:15:43","guid":{"rendered":"http:\/\/kinegune.com\/?page_id=10"},"modified":"2021-04-19T14:19:20","modified_gmt":"2021-04-19T14:19:20","slug":"actividades","status":"publish","type":"page","link":"https:\/\/kinegune.com\/eus\/actividades\/","title":{"rendered":"Jarduerak"},"content":{"rendered":"<div class=\"wpb-content-wrapper\"><div class=\"vc_row wpb_row vc_row-fluid\"><div class=\"flecha wpb_column vc_column_container vc_col-sm-2 vc_col-lg-offset-5 vc_col-lg-2 vc_col-md-offset-5 vc_col-md-2 vc_col-sm-offset-5\"><div class=\"vc_column-inner\"><div class=\"wpb_wrapper\">\n\t<div  class=\"wpb_single_image wpb_content_element vc_align_center wpb_content_element\">\n\t\t\n\t\t<figure class=\"wpb_wrapper vc_figure\">\n\t\t\t<div class=\"vc_single_image-wrapper   vc_box_border_grey\"><img loading=\"lazy\" decoding=\"async\" width=\"300\" height=\"300\" src=\"https:\/\/kinegune.com\/wp-content\/uploads\/2021\/01\/flecha-rosa.svg\" class=\"vc_single_image-img attachment-medium\" alt=\"\" title=\"flecha-rosa\" \/><\/div>\n\t\t<\/figure>\n\t<\/div>\n<\/div><\/div><\/div><\/div><div class=\"vc_row wpb_row vc_row-fluid\"><div class=\"texto-negrita wpb_column vc_column_container vc_col-sm-6 vc_col-lg-offset-4 vc_col-lg-4 vc_col-md-offset-3 vc_col-md-6 vc_col-sm-offset-3\"><div class=\"vc_column-inner\"><div class=\"wpb_wrapper\">\n\t<div class=\"wpb_text_column wpb_content_element\" >\n\t\t<div class=\"wpb_wrapper\">\n\t\t\t<p style=\"text-align: center;\" class=\"translation-block\"><strong>Jarduerak giro lasai eta abegikorrean egingo dira, eta gehienez ere 6 pertsona egongo dira gela bakoitzean. Arreta hurbila eta guztiz pertsonalizatua eskainiko dugu.<\/strong><\/p>\n\n\t\t<\/div>\n\t<\/div>\n<\/div><\/div><\/div><\/div><div id=\"pilates\" class=\"vc_row wpb_row vc_row-fluid vc_row-o-content-middle vc_row-flex\"><div class=\"wpb_column vc_column_container vc_col-sm-6 vc_col-lg-offset-1 vc_col-lg-4 vc_hidden-xs\"><div class=\"vc_column-inner\"><div class=\"wpb_wrapper\"><figure class=\"\"><img decoding=\"async\" src=\"https:\/\/kinegune.com\/wp-content\/uploads\/2021\/02\/Kinegune-202010033521-PILATES-01.png\" alt=\"\" \/><figcaption><\/figcaption><\/figure><\/div><\/div><\/div><div class=\"wpb_column vc_column_container vc_col-sm-6 vc_col-lg-offset-2 vc_col-lg-4 vc_col-md-offset-0 vc_col-md-6 vc_col-sm-offset-0 vc_hidden-xs\"><div class=\"vc_column-inner\"><div class=\"wpb_wrapper\"><h1>Pilates<\/h1>\n\t<div class=\"wpb_text_column wpb_content_element\" >\n\t\t<div class=\"wpb_wrapper\">\n\t\t\t<p class=\"translation-block\">Metodo hau <strong>gorputza indartzeko <\/strong>egokia da, jarrera eta <strong>arnasketa kontrolatzen ikasiz <\/strong>. Gorputzaren posizio egokia oso kontuan izango dugu eta gure gorputza kaltetu gabe sendotzen saiatuko gara. Saio lasaiak, eguneroko tentsioak askatzeko.<\/p>\n\n\t\t<\/div>\n\t<\/div>\n<\/div><\/div><\/div><\/div><div class=\"vc_row wpb_row vc_row-fluid\"><div class=\"foto-actividades wpb_column vc_column_container vc_col-sm-6 vc_col-lg-offset-1 vc_col-lg-4 vc_hidden-lg vc_hidden-md vc_hidden-sm\"><div class=\"vc_column-inner\"><div class=\"wpb_wrapper\"><figure class=\"\"><img decoding=\"async\" src=\"https:\/\/kinegune.com\/wp-content\/uploads\/2021\/02\/Kinegune-202010033521-PILATES-01.png\" alt=\"\" \/><figcaption><\/figcaption><\/figure><\/div><\/div><\/div><div class=\"wpb_column vc_column_container vc_col-sm-6 vc_col-lg-offset-1 vc_col-lg-4 vc_hidden-lg vc_col-md-offset-6 vc_col-md-6 vc_hidden-md vc_col-sm-offset-6 vc_hidden-sm\"><div class=\"vc_column-inner\"><div class=\"wpb_wrapper\"><h1>Pilates<\/h1>\n\t<div class=\"wpb_text_column wpb_content_element\" >\n\t\t<div class=\"wpb_wrapper\">\n\t\t\t<p class=\"translation-block\">Metodo hau <strong>gorputza indartzeko <\/strong>egokia da, jarrera eta <strong>arnasketa kontrolatzen ikasiz <\/strong>. Gorputzaren posizio egokia oso kontuan izango dugu eta gure gorputza kaltetu gabe sendotzen saiatuko gara. Saio lasaiak, eguneroko tentsioak askatzeko.<\/p>\n\n\t\t<\/div>\n\t<\/div>\n<\/div><\/div><\/div><\/div><div id=\"gimnasia\" class=\"vc_row wpb_row vc_row-fluid vc_row-o-content-middle vc_row-flex\"><div class=\"foto-actividades wpb_column vc_column_container vc_col-sm-6 vc_col-lg-offset-1 vc_col-lg-4 vc_col-md-offset-0 vc_col-md-6 vc_hidden-xs\"><div class=\"vc_column-inner\"><div class=\"wpb_wrapper\"><h1>Sabelaldeko gimnasia hipopresiboa<\/h1>\n\t<div class=\"wpb_text_column wpb_content_element\" >\n\t\t<div class=\"wpb_wrapper\">\n\t\t\t<p class=\"translation-block\">Erditze osteko errekuperaziorako sortu zen gimnasia mota bat da, baina gaur egun adin guztietako emakumeek eta gizonek egiten dute. <strong>Bizkarreko arazoak<\/strong>, sabelaldeko ahultasuna eta inkontinentzia-arazoak prebenitzeko eta  <strong>konpontzeko egokia <\/strong>da, batez ere.<\/p>\n<p class=\"translation-block\"><strong>45 minutuko<\/strong> saioak egingo dira, sabelaldea eta zoru pelbikoa modu eraginkorrean indartzeko.<\/p>\n\n\t\t<\/div>\n\t<\/div>\n<\/div><\/div><\/div><div class=\"foto-actividades wpb_column vc_column_container vc_col-sm-6 vc_col-lg-offset-2 vc_col-lg-4 vc_hidden-xs\"><div class=\"vc_column-inner\"><div class=\"wpb_wrapper\"><figure class=\"\"><img decoding=\"async\" src=\"https:\/\/kinegune.com\/wp-content\/uploads\/2021\/02\/Kinegune-202010033503-HIPOPRESIVOS-01.png\" alt=\"\" \/><figcaption><\/figcaption><\/figure><\/div><\/div><\/div><\/div><div id=\"gimnasia\" class=\"vc_row wpb_row vc_row-fluid\"><div class=\"foto-actividades wpb_column vc_column_container vc_col-sm-6 vc_col-lg-offset-2 vc_col-lg-4 vc_hidden-lg vc_hidden-md vc_hidden-sm\"><div class=\"vc_column-inner\"><div class=\"wpb_wrapper\"><figure class=\"foto-actividades\"><img decoding=\"async\" src=\"https:\/\/kinegune.com\/wp-content\/uploads\/2021\/02\/Kinegune-202010033503-HIPOPRESIVOS-01.png\" alt=\"\" \/><figcaption><\/figcaption><\/figure><\/div><\/div><\/div><div class=\"wpb_column vc_column_container vc_col-sm-6 vc_col-lg-offset-1 vc_col-lg-4 vc_hidden-lg vc_col-md-offset-0 vc_col-md-6 vc_hidden-md vc_hidden-sm\"><div class=\"vc_column-inner\"><div class=\"wpb_wrapper\"><h1>Sabelaldeko gimnasia hipopresiboa<\/h1>\n\t<div class=\"wpb_text_column wpb_content_element\" >\n\t\t<div class=\"wpb_wrapper\">\n\t\t\t<p class=\"translation-block\">Erditze osteko errekuperaziorako sortu zen gimnasia mota bat da, baina gaur egun adin guztietako emakumeek eta gizonek egiten dute. <strong>Bizkarreko arazoak<\/strong>, sabelaldeko ahultasuna eta inkontinentzia-arazoak prebenitzeko eta  <strong>konpontzeko egokia <\/strong>da, batez ere.<\/p>\n<p class=\"translation-block\"><strong>45 minutuko<\/strong> saioak egingo dira, sabelaldea eta zoru pelbikoa modu eraginkorrean indartzeko.<\/p>\n\n\t\t<\/div>\n\t<\/div>\n<\/div><\/div><\/div><\/div><div id=\"tad\" class=\"vc_row wpb_row vc_row-fluid vc_row-o-content-middle vc_row-flex\"><div class=\"foto-actividades wpb_column vc_column_container vc_col-sm-6 vc_col-lg-offset-1 vc_col-lg-4\"><div class=\"vc_column-inner\"><div class=\"wpb_wrapper\"><figure class=\"\"><img decoding=\"async\" src=\"https:\/\/kinegune.com\/wp-content\/uploads\/2021\/02\/5p.png\" alt=\"\" \/><figcaption><\/figcaption><\/figure><\/div><\/div><\/div><div class=\"wpb_column vc_column_container vc_col-sm-6 vc_col-lg-offset-2 vc_col-lg-4 vc_col-md-offset-0 vc_col-md-6 vc_col-sm-offset-0\"><div class=\"vc_column-inner\"><div class=\"wpb_wrapper\"><h1>TAD eta 5p metodoa<br \/>\n<\/h1>\n\t<div class=\"wpb_text_column wpb_content_element\" >\n\t\t<div class=\"wpb_wrapper\">\n\t\t\t<p class=\"p1 translation-block\"><span class=\"s1\">TAD metodoa (kirolerako trantsizioa) zoru <strong>pelbikoaren entrenamendu<\/strong> funtzionalerako metodo bikaina da, eta haurdunaldian, erditze ostean eta pelbis-zoruaren disfuntzioak tratatzeko erabiltzen da (gernu-inkontinentzia, prolapsoak eta sabelaldeko diastasia).\n<\/span><\/p>\n<p class=\"p1 translation-block\">5p metodoa norberaren gorputzaz jabetzeko, <strong>jarrera birprogramatzeko eta zoru pelbikoaren<\/strong> disfuntzioak tratatzeko diseinatutako tresna dinamikoa eta eraginkorra da.<\/p>\n\n\t\t<\/div>\n\t<\/div>\n<\/div><\/div><\/div><\/div><div id=\"parto\" class=\"vc_row wpb_row vc_row-fluid vc_row-o-content-middle vc_row-flex\"><div class=\"wpb_column vc_column_container vc_col-sm-6 vc_col-lg-offset-1 vc_col-lg-4 vc_col-md-offset-0 vc_col-md-6 vc_col-sm-offset-0 vc_hidden-xs\"><div class=\"vc_column-inner\"><div class=\"wpb_wrapper\"><h1>Erditzea prestatzeko gimnasia<\/h1>\n\t<div class=\"wpb_text_column wpb_content_element\" >\n\t\t<div class=\"wpb_wrapper\">\n\t\t\t<p class=\"translation-block\">Gimnasia leuneko saioa, ariketak<strong> haurdunaldi<\/strong> fase guztietan egokitzeko.\nElastikotasun-ariketa leunak konbinatuko ditugu, erditze-kanala irekitzen laguntzeko, pelbisa mugiarazteko, arnasketak <strong>haurdunaldi optimoa<\/strong> izateko eta gorputza <strong>erditze on baterako<\/strong>  prestatzeko behar den guztia egiteko.<\/p>\n<p class=\"translation-block\">Bereziki egokia <strong>erditze osteko errekuperazio hobea eta azkarragoa<\/strong>  izateko.<\/p>\n\n\t\t<\/div>\n\t<\/div>\n<\/div><\/div><\/div><div class=\"foto-actividades wpb_column vc_column_container vc_col-sm-6 vc_col-lg-offset-2 vc_col-lg-4 vc_col-xs-12 vc_hidden-xs\"><div class=\"vc_column-inner\"><div class=\"wpb_wrapper\"><figure class=\"\"><img decoding=\"async\" src=\"https:\/\/kinegune.com\/wp-content\/uploads\/2021\/02\/embarazo.png\" alt=\"\" \/><figcaption><\/figcaption><\/figure><\/div><\/div><\/div><\/div><div id=\"parto\" class=\"vc_row wpb_row vc_row-fluid vc_row-o-content-middle vc_row-flex\"><div class=\"foto-actividades wpb_column vc_column_container vc_col-sm-6 vc_col-lg-offset-2 vc_col-lg-4 vc_hidden-lg vc_hidden-md vc_hidden-sm vc_col-xs-12\"><div class=\"vc_column-inner\"><div class=\"wpb_wrapper\"><figure class=\"\"><img decoding=\"async\" src=\"https:\/\/kinegune.com\/wp-content\/uploads\/2021\/02\/embarazo.png\" alt=\"\" \/><figcaption><\/figcaption><\/figure><\/div><\/div><\/div><div class=\"wpb_column vc_column_container vc_col-sm-6 vc_col-lg-offset-1 vc_col-lg-4 vc_hidden-lg vc_col-md-offset-6 vc_col-md-6 vc_hidden-md vc_col-sm-offset-6 vc_hidden-sm\"><div class=\"vc_column-inner\"><div class=\"wpb_wrapper\"><h1>Erditzea prestatzeko gimnasia<\/h1>\n\t<div class=\"wpb_text_column wpb_content_element\" >\n\t\t<div class=\"wpb_wrapper\">\n\t\t\t<p class=\"translation-block\">Gimnasia leuneko saioa, ariketak<strong> haurdunaldi<\/strong> fase guztietan egokitzeko.\nElastikotasun-ariketa leunak konbinatuko ditugu, erditze-kanala irekitzen laguntzeko, pelbisa mugiarazteko, arnasketak <strong>haurdunaldi optimoa<\/strong> izateko eta gorputza <strong>erditze on baterako<\/strong>  prestatzeko behar den guztia egiteko.<\/p>\n<p class=\"translation-block\">Bereziki egokia <strong>erditze osteko errekuperazio hobea eta azkarragoa<\/strong>  izateko.<\/p>\n\n\t\t<\/div>\n\t<\/div>\n<\/div><\/div><\/div><\/div><div id=\"masaje\" class=\"vc_row wpb_row vc_row-fluid vc_row-o-content-middle vc_row-flex\"><div class=\"foto-actividades wpb_column vc_column_container vc_col-sm-6 vc_col-lg-offset-1 vc_col-lg-4\"><div class=\"vc_column-inner\"><div class=\"wpb_wrapper\"><figure class=\"\"><img decoding=\"async\" src=\"https:\/\/kinegune.com\/wp-content\/uploads\/2021\/02\/curso-masaje-infantil.png\" alt=\"\" \/><figcaption><\/figcaption><\/figure><\/div><\/div><\/div><div class=\"wpb_column vc_column_container vc_col-sm-6 vc_col-lg-offset-2 vc_col-lg-4 vc_col-md-offset-0 vc_col-md-6 vc_col-sm-offset-0\"><div class=\"vc_column-inner\"><div class=\"wpb_wrapper\"><h1>Gurasoentzako haur masajea<\/h1>\n\t<div class=\"wpb_text_column wpb_content_element\" >\n\t\t<div class=\"wpb_wrapper\">\n\t\t\t<p class=\"translation-block\">0-12 hilabeteko<strong> haurtxoak dituzten gurasoentzako ikastaroa<\/strong>. <strong>Ordu eta erdiko lau saio<\/strong>, non laztan itxurako masajeek seme-alabarekin komunikatzen laguntzen diguten, erlaxatzen dugun bitartean, gaitzen bat arintzen dugun bitartean edo mimatzen dugun bitartean.<\/p>\n\n\t\t<\/div>\n\t<\/div>\n<\/div><\/div><\/div><\/div><div data-vc-full-width=\"true\" data-vc-full-width-temp=\"true\" data-vc-full-width-init=\"false\" data-vc-stretch-content=\"true\" class=\"vc_row wpb_row vc_row-fluid fotofinal vc_row-no-padding\"><div class=\"wpb_column vc_column_container vc_col-sm-12\"><div class=\"vc_column-inner\"><div class=\"wpb_wrapper\">\n\t<div  class=\"wpb_single_image wpb_content_element vc_align_center wpb_content_element\">\n\t\t\n\t\t<figure class=\"wpb_wrapper vc_figure\">\n\t\t\t<div class=\"vc_single_image-wrapper   vc_box_border_grey\"><img loading=\"lazy\" decoding=\"async\" width=\"3000\" height=\"902\" src=\"https:\/\/kinegune.com\/wp-content\/uploads\/2021\/01\/fotofinal_03.png\" class=\"vc_single_image-img attachment-full\" alt=\"\" title=\"fotofinal_03\" srcset=\"https:\/\/kinegune.com\/wp-content\/uploads\/2021\/01\/fotofinal_03.png 3000w, https:\/\/kinegune.com\/wp-content\/uploads\/2021\/01\/fotofinal_03-300x90.png 300w, https:\/\/kinegune.com\/wp-content\/uploads\/2021\/01\/fotofinal_03-1024x308.png 1024w, https:\/\/kinegune.com\/wp-content\/uploads\/2021\/01\/fotofinal_03-768x231.png 768w, https:\/\/kinegune.com\/wp-content\/uploads\/2021\/01\/fotofinal_03-1536x462.png 1536w, https:\/\/kinegune.com\/wp-content\/uploads\/2021\/01\/fotofinal_03-2048x616.png 2048w\" sizes=\"auto, (max-width: 3000px) 100vw, 3000px\" \/><\/div>\n\t\t<\/figure>\n\t<\/div>\n<\/div><\/div><\/div><\/div><div class=\"vc_row-full-width vc_clearfix\"><\/div>\n<\/div>","protected":false},"excerpt":{"rendered":"Las actividades se realizan en un ambiente relajado y acogedor, con un m\u00e1ximo de 6 personas por clase para poder ofreceros una atenci\u00f3n m\u00e1s cercana y personalizada. Pilates terap\u00e9utico Este m\u00e9todo est\u00e1 indicado para\u00a0fortalecer el cuerpo\u00a0aprendiendo a\u00a0controlar la postura y la respiraci\u00f3n. Tenemos muy en cuenta la posici\u00f3n correcta del cuerpo y buscamos fortalecer sin [...]","protected":false},"author":1,"featured_media":0,"parent":0,"menu_order":0,"comment_status":"closed","ping_status":"closed","template":"","meta":{"inline_featured_image":false,"footnotes":""},"class_list":["post-10","page","type-page","status-publish","hentry"],"yoast_head":"<!-- This site is optimized with the Yoast SEO plugin v27.4 - https:\/\/yoast.com\/product\/yoast-seo-wordpress\/ -->\n<title>Actividades - kinegune<\/title>\n<meta name=\"robots\" content=\"index, follow, max-snippet:-1, max-image-preview:large, max-video-preview:-1\" \/>\n<link rel=\"canonical\" href=\"https:\/\/kinegune.com\/eus\/actividades\/\" \/>\n<meta property=\"og:locale\" content=\"en_US\" \/>\n<meta property=\"og:type\" content=\"article\" \/>\n<meta property=\"og:title\" content=\"Actividades - kinegune\" \/>\n<meta property=\"og:url\" content=\"https:\/\/kinegune.com\/eus\/actividades\/\" \/>\n<meta property=\"og:site_name\" content=\"kinegune\" \/>\n<meta property=\"article:modified_time\" content=\"2021-04-19T14:19:20+00:00\" \/>\n<meta name=\"twitter:card\" content=\"summary_large_image\" \/>\n<meta name=\"twitter:label1\" content=\"Est. reading time\" \/>\n\t<meta name=\"twitter:data1\" content=\"5 minutua\" \/>\n<script type=\"application\/ld+json\" class=\"yoast-schema-graph\">{\"@context\":\"https:\\\/\\\/schema.org\",\"@graph\":[{\"@type\":\"WebPage\",\"@id\":\"https:\\\/\\\/kinegune.com\\\/actividades\\\/\",\"url\":\"https:\\\/\\\/kinegune.com\\\/actividades\\\/\",\"name\":\"Actividades - kinegune\",\"isPartOf\":{\"@id\":\"https:\\\/\\\/kinegune.com\\\/#website\"},\"datePublished\":\"2021-01-11T11:15:43+00:00\",\"dateModified\":\"2021-04-19T14:19:20+00:00\",\"breadcrumb\":{\"@id\":\"https:\\\/\\\/kinegune.com\\\/actividades\\\/#breadcrumb\"},\"inLanguage\":\"eu\",\"potentialAction\":[{\"@type\":\"ReadAction\",\"target\":[\"https:\\\/\\\/kinegune.com\\\/actividades\\\/\"]}]},{\"@type\":\"BreadcrumbList\",\"@id\":\"https:\\\/\\\/kinegune.com\\\/actividades\\\/#breadcrumb\",\"itemListElement\":[{\"@type\":\"ListItem\",\"position\":1,\"name\":\"Portada\",\"item\":\"https:\\\/\\\/kinegune.com\\\/\"},{\"@type\":\"ListItem\",\"position\":2,\"name\":\"Actividades\"}]},{\"@type\":\"WebSite\",\"@id\":\"https:\\\/\\\/kinegune.com\\\/#website\",\"url\":\"https:\\\/\\\/kinegune.com\\\/\",\"name\":\"kinegune\",\"description\":\"Fisioterapia. La mejor salud.\",\"potentialAction\":[{\"@type\":\"SearchAction\",\"target\":{\"@type\":\"EntryPoint\",\"urlTemplate\":\"https:\\\/\\\/kinegune.com\\\/?s={search_term_string}\"},\"query-input\":{\"@type\":\"PropertyValueSpecification\",\"valueRequired\":true,\"valueName\":\"search_term_string\"}}],\"inLanguage\":\"eu\"}]}<\/script>\n<!-- \/ Yoast SEO plugin. -->","yoast_head_json":{"title":"Actividades - kinegune","robots":{"index":"index","follow":"follow","max-snippet":"max-snippet:-1","max-image-preview":"max-image-preview:large","max-video-preview":"max-video-preview:-1"},"canonical":"https:\/\/kinegune.com\/eus\/actividades\/","og_locale":"en_US","og_type":"article","og_title":"Actividades - kinegune","og_url":"https:\/\/kinegune.com\/eus\/actividades\/","og_site_name":"kinegune","article_modified_time":"2021-04-19T14:19:20+00:00","twitter_card":"summary_large_image","twitter_misc":{"Est. reading time":"5 minutua"},"schema":{"@context":"https:\/\/schema.org","@graph":[{"@type":"WebPage","@id":"https:\/\/kinegune.com\/actividades\/","url":"https:\/\/kinegune.com\/actividades\/","name":"Actividades - kinegune","isPartOf":{"@id":"https:\/\/kinegune.com\/#website"},"datePublished":"2021-01-11T11:15:43+00:00","dateModified":"2021-04-19T14:19:20+00:00","breadcrumb":{"@id":"https:\/\/kinegune.com\/actividades\/#breadcrumb"},"inLanguage":"eu","potentialAction":[{"@type":"ReadAction","target":["https:\/\/kinegune.com\/actividades\/"]}]},{"@type":"BreadcrumbList","@id":"https:\/\/kinegune.com\/actividades\/#breadcrumb","itemListElement":[{"@type":"ListItem","position":1,"name":"Portada","item":"https:\/\/kinegune.com\/"},{"@type":"ListItem","position":2,"name":"Actividades"}]},{"@type":"WebSite","@id":"https:\/\/kinegune.com\/#website","url":"https:\/\/kinegune.com\/","name":"kinegune","description":"Fisioterapia. La mejor salud.","potentialAction":[{"@type":"SearchAction","target":{"@type":"EntryPoint","urlTemplate":"https:\/\/kinegune.com\/?s={search_term_string}"},"query-input":{"@type":"PropertyValueSpecification","valueRequired":true,"valueName":"search_term_string"}}],"inLanguage":"eu"}]}},"_links":{"self":[{"href":"https:\/\/kinegune.com\/eus\/wp-json\/wp\/v2\/pages\/10","targetHints":{"allow":["GET"]}}],"collection":[{"href":"https:\/\/kinegune.com\/eus\/wp-json\/wp\/v2\/pages"}],"about":[{"href":"https:\/\/kinegune.com\/eus\/wp-json\/wp\/v2\/types\/page"}],"author":[{"embeddable":true,"href":"https:\/\/kinegune.com\/eus\/wp-json\/wp\/v2\/users\/1"}],"replies":[{"embeddable":true,"href":"https:\/\/kinegune.com\/eus\/wp-json\/wp\/v2\/comments?post=10"}],"version-history":[{"count":108,"href":"https:\/\/kinegune.com\/eus\/wp-json\/wp\/v2\/pages\/10\/revisions"}],"predecessor-version":[{"id":767,"href":"https:\/\/kinegune.com\/eus\/wp-json\/wp\/v2\/pages\/10\/revisions\/767"}],"wp:attachment":[{"href":"https:\/\/kinegune.com\/eus\/wp-json\/wp\/v2\/media?parent=10"}],"curies":[{"name":"wp","href":"https:\/\/api.w.org\/{rel}","templated":true}]}}