{"id":28,"date":"2021-01-11T11:29:34","date_gmt":"2021-01-11T11:29:34","guid":{"rendered":"http:\/\/kinegune.com\/?page_id=28"},"modified":"2021-03-25T11:10:35","modified_gmt":"2021-03-25T11:10:35","slug":"contacto","status":"publish","type":"page","link":"https:\/\/kinegune.com\/eus\/contacto\/","title":{"rendered":"Kontaktua"},"content":{"rendered":"<div class=\"wpb-content-wrapper\"><div class=\"vc_row wpb_row vc_row-fluid\"><div class=\"wpb_column vc_column_container vc_col-sm-2 vc_col-lg-offset-5 vc_col-lg-2 vc_col-md-offset-5 vc_col-md-2 vc_col-sm-offset-5\"><div class=\"vc_column-inner\"><div class=\"wpb_wrapper\">\n\t<div  class=\"wpb_single_image wpb_content_element vc_align_center wpb_content_element  flecha\">\n\t\t\n\t\t<figure class=\"wpb_wrapper vc_figure\">\n\t\t\t<div class=\"vc_single_image-wrapper   vc_box_border_grey\"><img loading=\"lazy\" decoding=\"async\" width=\"150\" height=\"150\" src=\"https:\/\/kinegune.com\/wp-content\/uploads\/2021\/01\/flecha-gris.svg\" class=\"vc_single_image-img attachment-thumbnail\" alt=\"\" title=\"flecha-gris\" \/><\/div>\n\t\t<\/figure>\n\t<\/div>\n<\/div><\/div><\/div><\/div><div class=\"vc_row wpb_row vc_row-fluid\"><div class=\"wpb_column vc_column_container vc_col-sm-3\"><div class=\"vc_column-inner\"><div class=\"wpb_wrapper\">\n\t<div class=\"wpb_text_column wpb_content_element\" >\n\t\t<div class=\"wpb_wrapper\">\n\t\t\t<p style=\"text-align: center;\"><strong>Telefonoa<\/strong><\/p>\n<p style=\"text-align: center;\"><a href=\"tel:+34948104814\">948 10 48 14<\/a><br \/>\n<a href=\"tel:+34673976447\">673 97 64 47<\/a><\/p>\n\n\t\t<\/div>\n\t<\/div>\n<\/div><\/div><\/div><div class=\"wpb_column vc_column_container vc_col-sm-3\"><div class=\"vc_column-inner\"><div class=\"wpb_wrapper\">\n\t<div class=\"wpb_text_column wpb_content_element\" >\n\t\t<div class=\"wpb_wrapper\">\n\t\t\t<p style=\"text-align: center;\"><strong>e-maila<\/strong><\/p>\n<p style=\"text-align: center;\"><a href=\"mailto:kinegune@gmail.com\">kinegune@gmail.com<\/a><\/p>\n\n\t\t<\/div>\n\t<\/div>\n<\/div><\/div><\/div><div class=\"wpb_column vc_column_container vc_col-sm-3\"><div class=\"vc_column-inner\"><div class=\"wpb_wrapper\">\n\t<div class=\"wpb_text_column wpb_content_element\" >\n\t\t<div class=\"wpb_wrapper\">\n\t\t\t<p style=\"text-align: center;\"><strong>Helbidea<\/strong><\/p>\n<p style=\"text-align: center;\"><a href=\"https:\/\/www.google.com\/maps\/place\/Kinegune+fisioterapia\/@42.8289007,-1.5905854,15z\/data=!4m2!3m1!1s0x0:0x233f94936255943f?sa=X&amp;ved=2ahUKEwiBhtLOkf3uAhWHTBUIHeYKCykQ_BIwFXoECCkQBQ\"><span class=\"s1\">Avenida Ugarrand\u00eda 12, bajo.<\/span><\/a><\/p>\n<p style=\"text-align: center;\">31620 Huarte<br \/>\nNavarra<\/p>\n\n\t\t<\/div>\n\t<\/div>\n<\/div><\/div><\/div><div class=\"wpb_column vc_column_container vc_col-sm-3\"><div class=\"vc_column-inner\"><div class=\"wpb_wrapper\">\n\t<div class=\"wpb_text_column wpb_content_element\" >\n\t\t<div class=\"wpb_wrapper\">\n\t\t\t<p style=\"text-align: center;\"><strong>Sareak<\/strong><\/p>\n<p style=\"text-align: center;\"><a href=\"https:\/\/es-es.facebook.com\/kinegunefisioterapia\" target=\"_blank\" rel=\"noopener\"><img decoding=\"async\" class=\"facebook02\" src=\"\/wp-content\/uploads\/2021\/03\/facebook.svg\" \/><\/a><a href=\"https:\/\/www.instagram.com\/kinegune_fisioterapia\/?hl=es\" target=\"_blank\" rel=\"noopener\"><img decoding=\"async\" class=\"insta02\" src=\"\/wp-content\/uploads\/2021\/03\/insta.svg\" \/><\/a><\/p>\n\n\t\t<\/div>\n\t<\/div>\n<\/div><\/div><\/div><\/div><div class=\"vc_row wpb_row vc_row-fluid\"><div class=\"wpb_column vc_column_container vc_col-sm-6 vc_col-lg-offset-4 vc_col-lg-4 vc_col-md-offset-3 vc_col-md-6 vc_col-sm-offset-3\"><div class=\"vc_column-inner\"><div class=\"wpb_wrapper\">\n\t<div class=\"wpb_text_column wpb_content_element\" >\n\t\t<div class=\"wpb_wrapper\">\n\t\t\t<p class=\"p1 translation-block\" style=\"text-align: center;\"><strong>Autobusez<\/strong> , Iru\u00f1eko erdigunetik irits zaitezke<strong> 4H <\/strong>linearen bidez, azken geltokian jaitsiz. Zentroa kale berean aurkituko duzu, geltokiaren parean.<\/p>\n<p class=\"p1 translation-block\" style=\"text-align: center;\"><strong>Autoz<\/strong>, Ugarrandia etorbidea aurkituko duzu Uhartera Aretako industrialdetik sartzean. Amaitu arte jarraitu behar duzu etorbidea. Biribilgune bakarraren ondoren aurkituko gaituzu.<\/p>\n<p class=\"p1 translation-block\" style=\"text-align: center;\">Gauden lekuan erraz aurkituko duzu aparkatzeko lekua.<\/p>\n\n\t\t<\/div>\n\t<\/div>\n\n\t<div  class=\"wpb_single_image wpb_content_element vc_align_left wpb_content_element  mancha-servicios\">\n\t\t\n\t\t<figure class=\"wpb_wrapper vc_figure\">\n\t\t\t<div class=\"vc_single_image-wrapper   vc_box_border_grey\"><img loading=\"lazy\" decoding=\"async\" width=\"300\" height=\"300\" src=\"https:\/\/kinegune.com\/wp-content\/uploads\/2021\/02\/mancha-de-servicios.svg\" class=\"vc_single_image-img attachment-medium\" alt=\"\" title=\"mancha-de-servicios\" \/><\/div>\n\t\t<\/figure>\n\t<\/div>\n\n\t<div  class=\"wpb_single_image wpb_content_element vc_align_left wpb_content_element  mancha-servicios02\">\n\t\t\n\t\t<figure class=\"wpb_wrapper vc_figure\">\n\t\t\t<div class=\"vc_single_image-wrapper   vc_box_border_grey\"><img loading=\"lazy\" decoding=\"async\" width=\"300\" height=\"300\" src=\"https:\/\/kinegune.com\/wp-content\/uploads\/2021\/02\/mancha-de-servicios02.svg\" class=\"vc_single_image-img attachment-medium\" alt=\"\" title=\"mancha-de-servicios02\" \/><\/div>\n\t\t<\/figure>\n\t<\/div>\n<\/div><\/div><\/div><\/div><div data-vc-full-width=\"true\" data-vc-full-width-temp=\"true\" data-vc-full-width-init=\"false\" data-vc-stretch-content=\"true\" class=\"vc_row wpb_row vc_row-fluid fotofinal vc_row-no-padding\"><div class=\"wpb_column vc_column_container vc_col-sm-12\"><div class=\"vc_column-inner\"><div class=\"wpb_wrapper\">\n\t<div  class=\"wpb_single_image wpb_content_element vc_align_center wpb_content_element\">\n\t\t\n\t\t<figure class=\"wpb_wrapper vc_figure\">\n\t\t\t<div class=\"vc_single_image-wrapper   vc_box_border_grey\"><img loading=\"lazy\" decoding=\"async\" width=\"3000\" height=\"902\" src=\"https:\/\/kinegune.com\/wp-content\/uploads\/2021\/01\/fotofinal_04-1.png\" class=\"vc_single_image-img attachment-full\" alt=\"\" title=\"fotofinal_04\" srcset=\"https:\/\/kinegune.com\/wp-content\/uploads\/2021\/01\/fotofinal_04-1.png 3000w, https:\/\/kinegune.com\/wp-content\/uploads\/2021\/01\/fotofinal_04-1-300x90.png 300w, https:\/\/kinegune.com\/wp-content\/uploads\/2021\/01\/fotofinal_04-1-1024x308.png 1024w, https:\/\/kinegune.com\/wp-content\/uploads\/2021\/01\/fotofinal_04-1-768x231.png 768w, https:\/\/kinegune.com\/wp-content\/uploads\/2021\/01\/fotofinal_04-1-1536x462.png 1536w, https:\/\/kinegune.com\/wp-content\/uploads\/2021\/01\/fotofinal_04-1-2048x616.png 2048w\" sizes=\"auto, (max-width: 3000px) 100vw, 3000px\" \/><\/div>\n\t\t<\/figure>\n\t<\/div>\n<\/div><\/div><\/div><\/div><div class=\"vc_row-full-width vc_clearfix\"><\/div>\n<\/div>","protected":false},"excerpt":{"rendered":"Tel\u00e9fonos 948 10 48 14 673 97 64 47 e-mail kinegune@gmail.com Direcci\u00f3n Avenida Ugarrand\u00eda 12, bajo. 31620 Huarte Navarra Redes En autob\u00fas puedes llegar desde el centro de Pamplona a trav\u00e9s de la l\u00ednea 4H, bajando en la \u00faltima parada. Encontrar\u00e1s el centro justo en la misma calle, enfrente de la parada. En coche, encontrar\u00e1s [...]","protected":false},"author":1,"featured_media":0,"parent":0,"menu_order":0,"comment_status":"closed","ping_status":"closed","template":"","meta":{"inline_featured_image":false,"footnotes":""},"class_list":["post-28","page","type-page","status-publish","hentry"],"yoast_head":"<!-- This site is optimized with the Yoast SEO plugin v27.4 - https:\/\/yoast.com\/product\/yoast-seo-wordpress\/ -->\n<title>Contacto - kinegune<\/title>\n<meta name=\"robots\" content=\"index, follow, max-snippet:-1, max-image-preview:large, max-video-preview:-1\" \/>\n<link rel=\"canonical\" href=\"https:\/\/kinegune.com\/eus\/contacto\/\" \/>\n<meta property=\"og:locale\" content=\"en_US\" \/>\n<meta property=\"og:type\" content=\"article\" \/>\n<meta property=\"og:title\" content=\"Contacto - kinegune\" \/>\n<meta property=\"og:url\" content=\"https:\/\/kinegune.com\/eus\/contacto\/\" \/>\n<meta property=\"og:site_name\" content=\"kinegune\" \/>\n<meta property=\"article:modified_time\" content=\"2021-03-25T11:10:35+00:00\" \/>\n<meta property=\"og:image\" content=\"https:\/\/kinegune.com\/wp-content\/uploads\/2021\/03\/facebook.svg\" \/>\n<meta name=\"twitter:card\" content=\"summary_large_image\" \/>\n<meta name=\"twitter:label1\" content=\"Est. reading time\" \/>\n\t<meta name=\"twitter:data1\" content=\"1 minutua\" \/>\n<script type=\"application\/ld+json\" class=\"yoast-schema-graph\">{\"@context\":\"https:\\\/\\\/schema.org\",\"@graph\":[{\"@type\":\"WebPage\",\"@id\":\"https:\\\/\\\/kinegune.com\\\/eus\\\/contacto\\\/\",\"url\":\"https:\\\/\\\/kinegune.com\\\/eus\\\/contacto\\\/\",\"name\":\"Contacto - kinegune\",\"isPartOf\":{\"@id\":\"https:\\\/\\\/kinegune.com\\\/#website\"},\"datePublished\":\"2021-01-11T11:29:34+00:00\",\"dateModified\":\"2021-03-25T11:10:35+00:00\",\"breadcrumb\":{\"@id\":\"https:\\\/\\\/kinegune.com\\\/eus\\\/contacto\\\/#breadcrumb\"},\"inLanguage\":\"eu\",\"potentialAction\":[{\"@type\":\"ReadAction\",\"target\":[\"https:\\\/\\\/kinegune.com\\\/eus\\\/contacto\\\/\"]}]},{\"@type\":\"BreadcrumbList\",\"@id\":\"https:\\\/\\\/kinegune.com\\\/eus\\\/contacto\\\/#breadcrumb\",\"itemListElement\":[{\"@type\":\"ListItem\",\"position\":1,\"name\":\"Portada\",\"item\":\"https:\\\/\\\/kinegune.com\\\/\"},{\"@type\":\"ListItem\",\"position\":2,\"name\":\"Contacto\"}]},{\"@type\":\"WebSite\",\"@id\":\"https:\\\/\\\/kinegune.com\\\/#website\",\"url\":\"https:\\\/\\\/kinegune.com\\\/\",\"name\":\"kinegune\",\"description\":\"Fisioterapia. La mejor salud.\",\"potentialAction\":[{\"@type\":\"SearchAction\",\"target\":{\"@type\":\"EntryPoint\",\"urlTemplate\":\"https:\\\/\\\/kinegune.com\\\/?s={search_term_string}\"},\"query-input\":{\"@type\":\"PropertyValueSpecification\",\"valueRequired\":true,\"valueName\":\"search_term_string\"}}],\"inLanguage\":\"eu\"}]}<\/script>\n<!-- \/ Yoast SEO plugin. -->","yoast_head_json":{"title":"Contacto - kinegune","robots":{"index":"index","follow":"follow","max-snippet":"max-snippet:-1","max-image-preview":"max-image-preview:large","max-video-preview":"max-video-preview:-1"},"canonical":"https:\/\/kinegune.com\/eus\/contacto\/","og_locale":"en_US","og_type":"article","og_title":"Contacto - kinegune","og_url":"https:\/\/kinegune.com\/eus\/contacto\/","og_site_name":"kinegune","article_modified_time":"2021-03-25T11:10:35+00:00","og_image":[{"url":"https:\/\/kinegune.com\/wp-content\/uploads\/2021\/03\/facebook.svg","type":"","width":"","height":""}],"twitter_card":"summary_large_image","twitter_misc":{"Est. reading time":"1 minutua"},"schema":{"@context":"https:\/\/schema.org","@graph":[{"@type":"WebPage","@id":"https:\/\/kinegune.com\/eus\/contacto\/","url":"https:\/\/kinegune.com\/eus\/contacto\/","name":"Contacto - kinegune","isPartOf":{"@id":"https:\/\/kinegune.com\/#website"},"datePublished":"2021-01-11T11:29:34+00:00","dateModified":"2021-03-25T11:10:35+00:00","breadcrumb":{"@id":"https:\/\/kinegune.com\/eus\/contacto\/#breadcrumb"},"inLanguage":"eu","potentialAction":[{"@type":"ReadAction","target":["https:\/\/kinegune.com\/eus\/contacto\/"]}]},{"@type":"BreadcrumbList","@id":"https:\/\/kinegune.com\/eus\/contacto\/#breadcrumb","itemListElement":[{"@type":"ListItem","position":1,"name":"Portada","item":"https:\/\/kinegune.com\/"},{"@type":"ListItem","position":2,"name":"Contacto"}]},{"@type":"WebSite","@id":"https:\/\/kinegune.com\/#website","url":"https:\/\/kinegune.com\/","name":"kinegune","description":"Fisioterapia. La mejor salud.","potentialAction":[{"@type":"SearchAction","target":{"@type":"EntryPoint","urlTemplate":"https:\/\/kinegune.com\/?s={search_term_string}"},"query-input":{"@type":"PropertyValueSpecification","valueRequired":true,"valueName":"search_term_string"}}],"inLanguage":"eu"}]}},"_links":{"self":[{"href":"https:\/\/kinegune.com\/eus\/wp-json\/wp\/v2\/pages\/28","targetHints":{"allow":["GET"]}}],"collection":[{"href":"https:\/\/kinegune.com\/eus\/wp-json\/wp\/v2\/pages"}],"about":[{"href":"https:\/\/kinegune.com\/eus\/wp-json\/wp\/v2\/types\/page"}],"author":[{"embeddable":true,"href":"https:\/\/kinegune.com\/eus\/wp-json\/wp\/v2\/users\/1"}],"replies":[{"embeddable":true,"href":"https:\/\/kinegune.com\/eus\/wp-json\/wp\/v2\/comments?post=28"}],"version-history":[{"count":53,"href":"https:\/\/kinegune.com\/eus\/wp-json\/wp\/v2\/pages\/28\/revisions"}],"predecessor-version":[{"id":635,"href":"https:\/\/kinegune.com\/eus\/wp-json\/wp\/v2\/pages\/28\/revisions\/635"}],"wp:attachment":[{"href":"https:\/\/kinegune.com\/eus\/wp-json\/wp\/v2\/media?parent=28"}],"curies":[{"name":"wp","href":"https:\/\/api.w.org\/{rel}","templated":true}]}}