{"id":8,"date":"2021-01-11T11:14:51","date_gmt":"2021-01-11T11:14:51","guid":{"rendered":"http:\/\/kinegune.com\/?page_id=8"},"modified":"2025-11-24T15:26:25","modified_gmt":"2025-11-24T15:26:25","slug":"servicios-fisioterapia-pamplona","status":"publish","type":"page","link":"https:\/\/kinegune.com\/eus\/servicios-fisioterapia-pamplona\/","title":{"rendered":"Zerbitzuak"},"content":{"rendered":"<div class=\"wpb-content-wrapper\"><div class=\"vc_row wpb_row vc_row-fluid\"><div class=\"wpb_column vc_column_container vc_col-sm-2 vc_col-lg-offset-5 vc_col-lg-2 vc_col-md-offset-5 vc_col-md-2 vc_col-sm-offset-5\"><div class=\"vc_column-inner\"><div class=\"wpb_wrapper\">\n\t<div  class=\"wpb_single_image wpb_content_element vc_align_center wpb_content_element  flecha\">\n\t\t\n\t\t<figure class=\"wpb_wrapper vc_figure\">\n\t\t\t<div class=\"vc_single_image-wrapper   vc_box_border_grey\"><img loading=\"lazy\" decoding=\"async\" width=\"150\" height=\"150\" src=\"https:\/\/kinegune.com\/wp-content\/uploads\/2021\/01\/flecha-morada.svg\" class=\"vc_single_image-img attachment-thumbnail\" alt=\"\" title=\"flecha-morada\" \/><\/div>\n\t\t<\/figure>\n\t<\/div>\n<\/div><\/div><\/div><\/div><div class=\"vc_row wpb_row vc_row-fluid\"><div class=\"wpb_column vc_column_container vc_col-sm-6 vc_col-lg-offset-3 vc_col-lg-6 vc_col-md-offset-3 vc_col-md-6 vc_col-sm-offset-3\"><div class=\"vc_column-inner\"><div class=\"wpb_wrapper\">\n\t<div class=\"wpb_text_column wpb_content_element\" >\n\t\t<div class=\"wpb_wrapper\">\n\t\t\t<p class=\"p1\" style=\"text-align: center;\"><strong><span class=\"s1\">Gure giza taldea <span class=\"no-separar\">KINEGUNEren oinarria da,<\/span> eta etxean bezala sentitzea nahi dugu. <\/span><span class=\"s1\">Balorazio pertsonalizatua egiten dugu, gure tratamenduak pertsona bakoitzaren beharretara egokitzeko.<\/span><\/strong><\/p>\n<p>&nbsp;<\/p>\n<p style=\"text-align: center;\"><em><strong><strong>\"Gure helburua zuri bizitza osasungarriagoa <br>egitea da\"<\/strong><\/strong><\/em><\/p>\n\n\t\t<\/div>\n\t<\/div>\n<\/div><\/div><\/div><\/div><div id=\"fisio\" class=\"vc_row wpb_row vc_row-fluid vc_row-o-content-middle vc_row-flex\"><div class=\"foto-servicios wpb_column vc_column_container vc_col-sm-6 vc_col-lg-offset-2 vc_col-lg-4 vc_col-sm-offset-0\"><div class=\"vc_column-inner\"><div class=\"wpb_wrapper\"><figure class=\"\"><img decoding=\"async\" src=\"https:\/\/kinegune.com\/wp-content\/uploads\/2021\/02\/FISIOTERAPIA02.png\" alt=\"\" \/><figcaption><\/figcaption><\/figure><\/div><\/div><\/div><div class=\"morado wpb_column vc_column_container vc_col-sm-6 vc_col-lg-offset-1 vc_col-lg-4 vc_col-md-offset-0 vc_col-md-6 vc_col-sm-offset-0\"><div class=\"vc_column-inner\"><div class=\"wpb_wrapper\"><h1>Fisioterapia<\/h1>\n\t<div class=\"wpb_text_column wpb_content_element\" >\n\t\t<div class=\"wpb_wrapper\">\n\t\t\t<p class=\"translation-block\">Lesio batek eragindako minen bat baduzu, duela gutxi edo aspaldikoa izan, istripuren bat izan baduzu edo bizkarreko mina baduzu edo zure gorputzeko beste nonbait, hurbildu gure espaziora. <br> Gure balorazioaren bidez, zure ongizatea berreskuratzen laguntzeko teknikak egokituko ditugu.<\/p>\n\n\t\t<\/div>\n\t<\/div>\n<\/div><\/div><\/div><\/div><div id=\"disfuncion\" class=\"vc_row wpb_row vc_row-fluid vc_row-o-content-middle vc_row-flex\"><div class=\"morado wpb_column vc_column_container vc_col-sm-6 vc_col-lg-offset-1 vc_col-lg-6 vc_col-md-offset-0 vc_col-md-6 vc_hidden-xs\"><div class=\"vc_column-inner\"><div class=\"wpb_wrapper\"><h1>Zoru Pelbikoaren Disfuntzioak<\/h1>\n\t<div class=\"wpb_text_column wpb_content_element\" >\n\t\t<div class=\"wpb_wrapper\">\n\t\t\t<p class=\"translation-block\">Pelbiperineoaren fisioterapiak zure zoru pelbikoaren disfuntzioak prebenitu eta tratatu nahi ditu bizitzako etapa guztietan.<\/p>\n<p><strong>Erditzeko Prestakuntza<br \/>\n<\/strong><span class=\"s1\">Haurdunaldia zure bizitzako etapa oso berezia da. Arlo honetan espezializatutako fisioterapeuta gisa, jarraipen guztiz pertsonalizatua eskainiko dizugu, pertsona bakoitza bakarra baita. Prozesu osoan lagunduko dizugu, etapaz etapa, haurdunaldi eta erditze egokirako oso teknika eraginkorrak eskainiz.<\/span><\/p>\n<p><strong>Erditu Ostea<br \/>\n<\/strong><span class=\"s1\">Banakako balorazioa egin ondoren, ariketa-programa espezifiko bat egokituko dugu egoera fisikoa berreskuratzen laguntzeko. <\/span><\/p>\n<p class=\"p1\"><span class=\"s1\">Gimnasia hipopresiboa, TAD metodoa eta posturaren birprogramazioa eta zoru pelbikoaren lan espezifikoa bezalako tekniken bidez, gerrialdeko eta pelbiseko egonkortasuna berreskuratu nahi dugu, banaka eta taldeka.<\/span><\/p>\n<p class=\"p1\"><strong>Arazo Uriginekologikoak<br \/>\n<\/strong><span class=\"s1\">Kinegunen, arazo pelbikoak eta urogenitalak prebenitzeko helburuarekin lan egiten dugu, eta tratamendua eskaintzen diegu jada agertu diren patologiei (inkontinentziak, prolapsoak, min pelbikoa, sexu-harremanen zailtasuna...), emaitza oso onekin.<\/span><\/p>\n\n\t\t<\/div>\n\t<\/div>\n<\/div><\/div><\/div><div class=\"foto-servicios wpb_column vc_column_container vc_col-sm-6 vc_col-lg-offset-1 vc_col-lg-4 vc_col-md-offset-0 vc_col-sm-offset-0 vc_hidden-xs\"><div class=\"vc_column-inner\"><div class=\"wpb_wrapper\"><figure class=\"\"><img decoding=\"async\" src=\"https:\/\/kinegune.com\/wp-content\/uploads\/2021\/02\/disfuncio-suelo.png\" alt=\"\" \/><figcaption><\/figcaption><\/figure><\/div><\/div><\/div><\/div><div id=\"disfuncion\" class=\"vc_row wpb_row vc_row-fluid vc_row-o-content-middle vc_row-flex\"><div class=\"foto-servicios wpb_column vc_column_container vc_col-sm-4 vc_col-lg-offset-2 vc_col-lg-4 vc_hidden-lg vc_col-md-offset-2 vc_hidden-md vc_hidden-sm vc_col-xs-12\"><div class=\"vc_column-inner\"><div class=\"wpb_wrapper\"><figure class=\"\"><img decoding=\"async\" src=\"https:\/\/kinegune.com\/wp-content\/uploads\/2021\/02\/disfuncio-suelo.png\" alt=\"\" \/><figcaption><\/figcaption><\/figure><\/div><\/div><\/div><div class=\"morado wpb_column vc_column_container vc_col-sm-6 vc_col-lg-offset-1 vc_col-lg-4 vc_hidden-lg vc_col-md-offset-0 vc_col-md-6 vc_hidden-md vc_hidden-sm vc_col-xs-12\"><div class=\"vc_column-inner\"><div class=\"wpb_wrapper\"><h1>Zoru Pelbikoaren Disfuntzioak<\/h1>\n\t<div class=\"wpb_text_column wpb_content_element\" >\n\t\t<div class=\"wpb_wrapper\">\n\t\t\t<p class=\"translation-block\">Pelbiperineoaren fisioterapiak zure zoru pelbikoaren disfuntzioak prebenitu eta tratatu nahi ditu bizitzako etapa guztietan.<\/p>\n<p><strong>Erditzeko Prestakuntza<br \/>\n<\/strong><span class=\"s1\">Haurdunaldia zure bizitzako etapa oso berezia da. Arlo honetan espezializatutako fisioterapeuta gisa, jarraipen guztiz pertsonalizatua eskainiko dizugu, pertsona bakoitza bakarra baita. Prozesu osoan lagunduko dizugu, etapaz etapa, haurdunaldi eta erditze egokirako oso teknika eraginkorrak eskainiz.<\/span><\/p>\n<p><strong>Erditu Ostea<br \/>\n<\/strong><span class=\"s1\">Banakako balorazioa egin ondoren, ariketa-programa espezifiko bat egokituko dugu egoera fisikoa berreskuratzen laguntzeko. <\/span><\/p>\n<p class=\"p1\"><span class=\"s1\">Gimnasia hipopresiboa, TAD metodoa eta posturaren birprogramazioa eta zoru pelbikoaren lan espezifikoa bezalako tekniken bidez, gerrialdeko eta pelbiseko egonkortasuna berreskuratu nahi dugu, banaka eta taldeka.<\/span><\/p>\n<p class=\"p1\"><strong>Arazo Uriginekologikoak<br \/>\n<\/strong><span class=\"s1\">Kinegunen, arazo pelbikoak eta urogenitalak prebenitzeko helburuarekin lan egiten dugu, eta tratamendua eskaintzen diegu jada agertu diren patologiei (inkontinentziak, prolapsoak, min pelbikoa, sexu-harremanen zailtasuna...), emaitza oso onekin.<\/span><\/p>\n\n\t\t<\/div>\n\t<\/div>\n<\/div><\/div><\/div><\/div><div id=\"actividades\" class=\"vc_row wpb_row vc_row-fluid vc_row-o-content-middle vc_row-flex\"><div class=\"foto-servicios wpb_column vc_column_container vc_col-sm-6 vc_col-lg-offset-2 vc_col-lg-4 vc_col-sm-offset-0\"><div class=\"vc_column-inner\"><div class=\"wpb_wrapper\"><figure class=\"foto-servicios\"><img decoding=\"async\" src=\"https:\/\/kinegune.com\/wp-content\/uploads\/2021\/02\/Kinegune-202010033543-ACTIVIDADES-01.png\" alt=\"\" \/><figcaption><\/figcaption><\/figure><\/div><\/div><\/div><div class=\"morado wpb_column vc_column_container vc_col-sm-6 vc_col-lg-offset-1 vc_col-lg-4 vc_col-md-offset-0 vc_col-md-6 vc_col-sm-offset-0\"><div class=\"vc_column-inner\"><div class=\"wpb_wrapper\"><h1>Jarduerak<\/h1>\n\t<div class=\"wpb_text_column wpb_content_element\" >\n\t\t<div class=\"wpb_wrapper\">\n\t\t\t<p class=\"translation-block\">Gure erabilera anitzeko gelan honako jarduera hauek egiten ditugu:<\/p>\n<ul>\n<li>Pilates<\/li>\n<li>Gimnasia hipopresiboa<\/li>\n<li>TAD eta 5p metodoa<\/li>\n<li>Haurdunentzako gimnasia<\/li>\n<li>Gurasoentzako haur masaje ikastaroak<\/li>\n<\/ul>\n\n\t\t<\/div>\n\t<\/div>\n<\/div><\/div><\/div><\/div><div id=\"readaptador\" class=\"vc_row wpb_row vc_row-fluid vc_row-o-content-middle vc_row-flex\"><div class=\"morado wpb_column vc_column_container vc_col-sm-6 vc_col-lg-offset-1 vc_col-lg-4 vc_col-md-offset-0 vc_col-md-6 vc_hidden-xs\"><div class=\"vc_column-inner\"><div class=\"wpb_wrapper\"><h1>Medicina Tradicional China<\/h1>\n\t<div class=\"wpb_text_column wpb_content_element\" >\n\t\t<div class=\"wpb_wrapper\">\n\t\t\t<p>La Medicina Tradicional China es un conjunto de conocimientos y pr\u00e1cticas de salud que se ha desarrollado durante miles de a\u00f1os.<\/p>\n<p>A diferencia de la medicina occidental, que tiende a enfocarse en el tratamiento de s\u00edntomas espec\u00edficos, la MTC considera al organismo en su totalidad, buscando un equilibrio din\u00e1mico entre los aspectos f\u00edsicos, emocionales y espirituales de la salud.<\/p>\n\n\t\t<\/div>\n\t<\/div>\n<\/div><\/div><\/div><div class=\"foto-servicios wpb_column vc_column_container vc_col-sm-6 vc_col-lg-offset-2 vc_col-lg-4 vc_col-md-offset-0 vc_col-sm-offset-0 vc_hidden-xs\"><div class=\"vc_column-inner\"><div class=\"wpb_wrapper\"><figure class=\"Medicina Tradicional China\"><img decoding=\"async\" src=\"https:\/\/kinegune.com\/wp-content\/uploads\/2025\/11\/OIP-1.webp\" alt=\"\" \/><figcaption><\/figcaption><\/figure><\/div><\/div><\/div><\/div><div id=\"readaptador\" class=\"vc_row wpb_row vc_row-fluid vc_row-o-content-top vc_row-flex\"><div class=\"foto-servicios wpb_column vc_column_container vc_col-sm-4 vc_col-lg-offset-2 vc_col-lg-4 vc_hidden-lg vc_col-md-offset-2 vc_hidden-md vc_hidden-sm vc_col-xs-12\"><div class=\"vc_column-inner vc_custom_1613996384702\"><div class=\"wpb_wrapper\"><figure class=\"\"><img decoding=\"async\" src=\"\" alt=\"\" \/><figcaption><\/figcaption><\/figure><\/div><\/div><\/div><div class=\"morado wpb_column vc_column_container vc_col-sm-6 vc_col-lg-offset-1 vc_col-lg-4 vc_hidden-lg vc_col-md-offset-0 vc_col-md-6 vc_hidden-md vc_hidden-sm vc_col-xs-12\"><div class=\"vc_column-inner\"><div class=\"wpb_wrapper\"><h1>Berregokitzaile fisikoa<\/h1>\n\t<div class=\"wpb_text_column wpb_content_element\" >\n\t\t<div class=\"wpb_wrapper\">\n\t\t\t<p class=\"p1\"><span class=\"s1\">Gure entrenatzaile pertsonalak lan-sistema aparta du entrenamendu-errutinen balorazio funtzionala, garapena eta plangintza egiteko.<br \/>\nEl objetivo es controlar todas las variables que pueden influir a la hora de dise\u00f1ar un programa de ejercicios totalmente personalizado, asegur\u00e1ndonos de que se adaptan perfectamente a las necesidades y capacidades de nuestros clientes.<\/span><\/p>\n\n\t\t<\/div>\n\t<\/div>\n<\/div><\/div><\/div><\/div><div id=\"actividades\" class=\"vc_row wpb_row vc_row-fluid vc_row-o-content-middle vc_row-flex\"><div class=\"foto-servicios wpb_column vc_column_container vc_col-sm-6 vc_col-lg-offset-2 vc_col-lg-4 vc_col-sm-offset-0\"><div class=\"vc_column-inner\"><div class=\"wpb_wrapper\"><figure class=\"Diatermia Intradermik\"><img decoding=\"async\" src=\"https:\/\/kinegune.com\/wp-content\/uploads\/2025\/11\/diatermia-fisioterapia-scaled-2.jpg\" alt=\"\" \/><figcaption><\/figcaption><\/figure><\/div><\/div><\/div><div class=\"morado wpb_column vc_column_container vc_col-sm-6 vc_col-lg-offset-1 vc_col-lg-4 vc_col-md-offset-0 vc_col-md-6 vc_col-sm-offset-0\"><div class=\"vc_column-inner\"><div class=\"wpb_wrapper\"><h1>Diatermia Intradermik<\/h1>\n\t<div class=\"wpb_text_column wpb_content_element\" >\n\t\t<div class=\"wpb_wrapper\">\n\t\t\t<p>En Kinegune disponemos de este equipo de tecarterapia de vanguardia que integra la tecnolog\u00eda TECARpro (Transferencia El\u00e9ctrica Capacitiva y Resistiva Profesional).<\/p>\n<p>Su principal objetivo es generar un aumento de temperatura controlado en los tejidos mediante radiofrecuencia, lo que acelera los procesos de recuperaci\u00f3n biol\u00f3gica. Este dispositivo es fundamental para tratar una amplia gama de patolog\u00edas musculares, articulares, \u00f3seas y ligamentosas y es muy efectivo para reducir el dolor y la inflamaci\u00f3n.<\/p>\n\n\t\t<\/div>\n\t<\/div>\n<\/div><\/div><\/div><\/div><div id=\"readaptador\" class=\"vc_row wpb_row vc_row-fluid vc_row-o-content-middle vc_row-flex\"><div class=\"morado wpb_column vc_column_container vc_col-sm-6 vc_col-lg-offset-1 vc_col-lg-4 vc_col-md-offset-0 vc_col-md-6 vc_hidden-xs\"><div class=\"vc_column-inner\"><div class=\"wpb_wrapper\"><h1>Nutrici\u00f3n y diet\u00e9tica<\/h1>\n\t<div class=\"wpb_text_column wpb_content_element\" >\n\t\t<div class=\"wpb_wrapper\">\n\t\t\t<p>Este servicio est\u00e1 enfocado a mejorar nuestros trastornos alimentarios, digestivos o hormonales mediante una visi\u00f3n global. Teniendo en cuenta la gesti\u00f3n emocional y la importancia de entender cual es la mejor manera de equilibrarse a trav\u00e9s de los nutrientes que necesita cada uno.<\/p>\n\n\t\t<\/div>\n\t<\/div>\n<\/div><\/div><\/div><div class=\"foto-servicios wpb_column vc_column_container vc_col-sm-6 vc_col-lg-offset-2 vc_col-lg-4 vc_col-md-offset-0 vc_col-sm-offset-0 vc_hidden-xs\"><div class=\"vc_column-inner\"><div class=\"wpb_wrapper\"><figure class=\"Nutrici\u00f3n y diet\u00e9tica\"><img decoding=\"async\" src=\"https:\/\/kinegune.com\/wp-content\/uploads\/2025\/11\/educacion-nutricional.jpg\" alt=\"\" \/><figcaption><\/figcaption><\/figure><\/div><\/div><\/div><\/div><div id=\"podologia\" class=\"vc_row wpb_row vc_row-fluid vc_row-o-content-middle vc_row-flex\"><div class=\"wpb_column vc_column_container vc_col-sm-6 vc_col-lg-offset-2 vc_col-lg-4 vc_col-md-offset-0 vc_col-sm-offset-0 vc_col-xs-12\"><div class=\"vc_column-inner\"><div class=\"wpb_wrapper\"><figure class=\"foto-servicios\"><img decoding=\"async\" src=\"https:\/\/kinegune.com\/wp-content\/uploads\/2021\/02\/podologia-2.png\" alt=\"\" \/><figcaption><\/figcaption><\/figure><\/div><\/div><\/div><div class=\"morado wpb_column vc_column_container vc_col-sm-6 vc_col-lg-offset-1 vc_col-lg-4 vc_col-md-offset-0 vc_col-md-6\"><div class=\"vc_column-inner\"><div class=\"wpb_wrapper\"><h1>Podologia<\/h1>\n\t<div class=\"wpb_text_column wpb_content_element\" >\n\t\t<div class=\"wpb_wrapper\">\n\t\t\t<p class=\"p1\"><span class=\"s1\">Gure podologia zerbitzuan oinarekin lotutako patologiak prebenitu, diagnostikatu eta tratatzen ditugu. Honako tratamendu hauetan espezializatuta gaude: <\/span><span class=\"s1\">Estamos especializados en tratamientos de:<\/span><\/p>\n<ul>\n<li class=\"p1\"><span class=\"s1\">Podologia orokorra (onddoak, azkazal haragituak, maskurrak\u2026).<\/span><\/li>\n<li class=\"p1\"><span class=\"s1\">Oin diabetikoa.<\/span><\/li>\n<li class=\"p1\"><span class=\"s1\">Podologia geriatrikoa, kiroletakoa eta haurrena.<\/span><\/li>\n<li class=\"p1\"><span class=\"s1\">Barne-zola pertsonalizatuak.<\/span><\/li>\n<\/ul>\n\n\t\t<\/div>\n\t<\/div>\n<\/div><\/div><\/div><\/div><div data-vc-full-width=\"true\" data-vc-full-width-temp=\"true\" data-vc-full-width-init=\"false\" data-vc-stretch-content=\"true\" class=\"vc_row wpb_row vc_row-fluid fotofinal vc_row-no-padding\"><div class=\"wpb_column vc_column_container vc_col-sm-12\"><div class=\"vc_column-inner\"><div class=\"wpb_wrapper\">\n\t<div  class=\"wpb_single_image wpb_content_element vc_align_center wpb_content_element\">\n\t\t\n\t\t<figure class=\"wpb_wrapper vc_figure\">\n\t\t\t<div class=\"vc_single_image-wrapper   vc_box_border_grey\"><img loading=\"lazy\" decoding=\"async\" width=\"3000\" height=\"902\" src=\"https:\/\/kinegune.com\/wp-content\/uploads\/2021\/01\/fotofinal_06.png\" class=\"vc_single_image-img attachment-full\" alt=\"\" title=\"fotofinal_06\" srcset=\"https:\/\/kinegune.com\/wp-content\/uploads\/2021\/01\/fotofinal_06.png 3000w, https:\/\/kinegune.com\/wp-content\/uploads\/2021\/01\/fotofinal_06-300x90.png 300w, https:\/\/kinegune.com\/wp-content\/uploads\/2021\/01\/fotofinal_06-1024x308.png 1024w, https:\/\/kinegune.com\/wp-content\/uploads\/2021\/01\/fotofinal_06-768x231.png 768w, https:\/\/kinegune.com\/wp-content\/uploads\/2021\/01\/fotofinal_06-1536x462.png 1536w, https:\/\/kinegune.com\/wp-content\/uploads\/2021\/01\/fotofinal_06-2048x616.png 2048w\" sizes=\"auto, (max-width: 3000px) 100vw, 3000px\" \/><\/div>\n\t\t<\/figure>\n\t<\/div>\n<\/div><\/div><\/div><\/div><div class=\"vc_row-full-width vc_clearfix\"><\/div>\n<\/div>","protected":false},"excerpt":{"rendered":"Nuestro equipo humano es la base de KINEGUNE y queremos que te sientas como en casa. Realizamos una valoraci\u00f3n personalizada para ajustar nuestros tratamientos a las necesidades de cada persona. &nbsp; \"Nuestro objetivo es hacerte la vida m\u00e1s saludable\" Fisioterapia Si sufres de alg\u00fan dolor causado por una lesi\u00f3n, ya sea reciente o antigua, has [...]","protected":false},"author":1,"featured_media":0,"parent":0,"menu_order":0,"comment_status":"closed","ping_status":"closed","template":"","meta":{"inline_featured_image":false,"footnotes":""},"class_list":["post-8","page","type-page","status-publish","hentry"],"yoast_head":"<!-- This site is optimized with the Yoast SEO plugin v27.4 - https:\/\/yoast.com\/product\/yoast-seo-wordpress\/ -->\n<title>Servicios - kinegune<\/title>\n<meta name=\"robots\" content=\"index, follow, max-snippet:-1, max-image-preview:large, max-video-preview:-1\" \/>\n<link rel=\"canonical\" href=\"https:\/\/kinegune.com\/eus\/servicios-fisioterapia-pamplona\/\" \/>\n<meta property=\"og:locale\" content=\"en_US\" \/>\n<meta property=\"og:type\" content=\"article\" \/>\n<meta property=\"og:title\" content=\"Servicios - kinegune\" \/>\n<meta property=\"og:url\" content=\"https:\/\/kinegune.com\/eus\/servicios-fisioterapia-pamplona\/\" \/>\n<meta property=\"og:site_name\" content=\"kinegune\" \/>\n<meta property=\"article:modified_time\" content=\"2025-11-24T15:26:25+00:00\" \/>\n<meta name=\"twitter:card\" content=\"summary_large_image\" \/>\n<meta name=\"twitter:label1\" content=\"Est. reading time\" \/>\n\t<meta name=\"twitter:data1\" content=\"7 minutua\" \/>\n<script type=\"application\/ld+json\" class=\"yoast-schema-graph\">{\"@context\":\"https:\\\/\\\/schema.org\",\"@graph\":[{\"@type\":\"WebPage\",\"@id\":\"https:\\\/\\\/kinegune.com\\\/servicios-fisioterapia-pamplona\\\/\",\"url\":\"https:\\\/\\\/kinegune.com\\\/servicios-fisioterapia-pamplona\\\/\",\"name\":\"Servicios - kinegune\",\"isPartOf\":{\"@id\":\"https:\\\/\\\/kinegune.com\\\/#website\"},\"datePublished\":\"2021-01-11T11:14:51+00:00\",\"dateModified\":\"2025-11-24T15:26:25+00:00\",\"breadcrumb\":{\"@id\":\"https:\\\/\\\/kinegune.com\\\/servicios-fisioterapia-pamplona\\\/#breadcrumb\"},\"inLanguage\":\"eu\",\"potentialAction\":[{\"@type\":\"ReadAction\",\"target\":[\"https:\\\/\\\/kinegune.com\\\/servicios-fisioterapia-pamplona\\\/\"]}]},{\"@type\":\"BreadcrumbList\",\"@id\":\"https:\\\/\\\/kinegune.com\\\/servicios-fisioterapia-pamplona\\\/#breadcrumb\",\"itemListElement\":[{\"@type\":\"ListItem\",\"position\":1,\"name\":\"Portada\",\"item\":\"https:\\\/\\\/kinegune.com\\\/\"},{\"@type\":\"ListItem\",\"position\":2,\"name\":\"Servicios\"}]},{\"@type\":\"WebSite\",\"@id\":\"https:\\\/\\\/kinegune.com\\\/#website\",\"url\":\"https:\\\/\\\/kinegune.com\\\/\",\"name\":\"kinegune\",\"description\":\"Fisioterapia. La mejor salud.\",\"potentialAction\":[{\"@type\":\"SearchAction\",\"target\":{\"@type\":\"EntryPoint\",\"urlTemplate\":\"https:\\\/\\\/kinegune.com\\\/?s={search_term_string}\"},\"query-input\":{\"@type\":\"PropertyValueSpecification\",\"valueRequired\":true,\"valueName\":\"search_term_string\"}}],\"inLanguage\":\"eu\"}]}<\/script>\n<!-- \/ Yoast SEO plugin. -->","yoast_head_json":{"title":"Servicios - kinegune","robots":{"index":"index","follow":"follow","max-snippet":"max-snippet:-1","max-image-preview":"max-image-preview:large","max-video-preview":"max-video-preview:-1"},"canonical":"https:\/\/kinegune.com\/eus\/servicios-fisioterapia-pamplona\/","og_locale":"en_US","og_type":"article","og_title":"Servicios - kinegune","og_url":"https:\/\/kinegune.com\/eus\/servicios-fisioterapia-pamplona\/","og_site_name":"kinegune","article_modified_time":"2025-11-24T15:26:25+00:00","twitter_card":"summary_large_image","twitter_misc":{"Est. reading time":"7 minutua"},"schema":{"@context":"https:\/\/schema.org","@graph":[{"@type":"WebPage","@id":"https:\/\/kinegune.com\/servicios-fisioterapia-pamplona\/","url":"https:\/\/kinegune.com\/servicios-fisioterapia-pamplona\/","name":"Servicios - kinegune","isPartOf":{"@id":"https:\/\/kinegune.com\/#website"},"datePublished":"2021-01-11T11:14:51+00:00","dateModified":"2025-11-24T15:26:25+00:00","breadcrumb":{"@id":"https:\/\/kinegune.com\/servicios-fisioterapia-pamplona\/#breadcrumb"},"inLanguage":"eu","potentialAction":[{"@type":"ReadAction","target":["https:\/\/kinegune.com\/servicios-fisioterapia-pamplona\/"]}]},{"@type":"BreadcrumbList","@id":"https:\/\/kinegune.com\/servicios-fisioterapia-pamplona\/#breadcrumb","itemListElement":[{"@type":"ListItem","position":1,"name":"Portada","item":"https:\/\/kinegune.com\/"},{"@type":"ListItem","position":2,"name":"Servicios"}]},{"@type":"WebSite","@id":"https:\/\/kinegune.com\/#website","url":"https:\/\/kinegune.com\/","name":"kinegune","description":"Fisioterapia. La mejor salud.","potentialAction":[{"@type":"SearchAction","target":{"@type":"EntryPoint","urlTemplate":"https:\/\/kinegune.com\/?s={search_term_string}"},"query-input":{"@type":"PropertyValueSpecification","valueRequired":true,"valueName":"search_term_string"}}],"inLanguage":"eu"}]}},"_links":{"self":[{"href":"https:\/\/kinegune.com\/eus\/wp-json\/wp\/v2\/pages\/8","targetHints":{"allow":["GET"]}}],"collection":[{"href":"https:\/\/kinegune.com\/eus\/wp-json\/wp\/v2\/pages"}],"about":[{"href":"https:\/\/kinegune.com\/eus\/wp-json\/wp\/v2\/types\/page"}],"author":[{"embeddable":true,"href":"https:\/\/kinegune.com\/eus\/wp-json\/wp\/v2\/users\/1"}],"replies":[{"embeddable":true,"href":"https:\/\/kinegune.com\/eus\/wp-json\/wp\/v2\/comments?post=8"}],"version-history":[{"count":130,"href":"https:\/\/kinegune.com\/eus\/wp-json\/wp\/v2\/pages\/8\/revisions"}],"predecessor-version":[{"id":820,"href":"https:\/\/kinegune.com\/eus\/wp-json\/wp\/v2\/pages\/8\/revisions\/820"}],"wp:attachment":[{"href":"https:\/\/kinegune.com\/eus\/wp-json\/wp\/v2\/media?parent=8"}],"curies":[{"name":"wp","href":"https:\/\/api.w.org\/{rel}","templated":true}]}}